 - 2*g - 132, -14*g + 10*g + 12 = 0. What is the highest common divisor of 42 and b?
6
Let o be (-85)/(1870/(-11088)) + -24. What is the greatest common factor of 1065 and o?
15
Let h = -11916 - -11966. What is the highest common factor of 3475 and h?
25
Let p = -13476 + 13477. Calculate the greatest common factor of p and 725.
1
Suppose -5*p + 2613 - 589 = -4*l, 3*p - 3*l - 1212 = 0. Calculate the highest common divisor of p and 168.
24
Let q be (3 + -1)*-2 - 63*-59. Suppose -11*l + 2579 + q = 0. What is the greatest common factor of 52 and l?
52
Suppose 0 = -23*b + 21*b + 6, -30 = -5*p - 5*b. Suppose p*x + 102 = 6*x - j, -x - j = -30. What is the greatest common divisor of x and 429?
33
Suppose -5*l + 26*y = 24*y - 868, -510 = -3*l + 3*y. What is the highest common factor of 7216 and l?
176
Let f = 103 + 331. Suppose -28 = -3*i + i. Calculate the highest common factor of i and f.
14
Suppose 7*k = -9*k - 192. Let h(g) = g**2 + 9*g - 10. Let r be h(k). Calculate the highest common divisor of 2 and r.
2
Let q(f) = -8*f**3 - 47*f**2 - 11*f + 28. Let v be q(-6). What is the highest common divisor of v and 160?
10
Suppose -74612 = -243*m + 815497. Calculate the highest common divisor of 396 and m.
99
Let c = -5341 - -5446. Let f = 9 - -21. Calculate the highest common divisor of f and c.
15
Let z be 416/(-1 - (-2)/1). Let x(i) = -i**3 + 20*i**2 - 91*i + 226. Let y be x(14). What is the highest common divisor of z and y?
32
Suppose 24292 = -57*z + 131680. Calculate the greatest common divisor of 12 and z.
12
Suppose 4558 - 24180 = -11*b + 20374. Calculate the greatest common divisor of 108 and b.
36
Suppose t + 200 = 4*s, -4*s + 116 = -5*t - 68. Let x = s - 67. Let r = 9 - x. What is the greatest common divisor of r and 5?
5
Let y be (-10)/2 + 2 - (-25)/1. Suppose b + 2420 = 11*b. Calculate the greatest common factor of b and y.
22
Let p be 250/(-30) + 9 - (0 + 212/(-6)). Calculate the greatest common divisor of p and 1620.
36
Let x = 990 + -750. What is the greatest common divisor of x and 500?
20
Suppose 2*w - 4*k - 240 = 0, -2*k - 186 - 52 = -2*w. What is the greatest common divisor of w and 9912?
118
Let q be (51/(-9) + 5)/((-2)/1326*1). What is the highest common divisor of q and 26?
26
Let b be (-10)/(-4)*(-48)/60. Let n(y) = -19*y + 4. Let a be n(b). Suppose a*d - 39*d = 120. Calculate the highest common divisor of 10 and d.
10
Let u(q) = 236*q**3 + 27*q**2 + 11*q - 12. Let p be u(3). Calculate the highest common divisor of 56 and p.
28
Suppose 10*i - 16 + 26 = 0. Let x be (-6 - -3 - -9)*(7 + i). Calculate the greatest common factor of 102 and x.
6
Let q(f) = 19*f**2 + 32*f + 3. Let a be q(-2). What is the greatest common factor of a and 130?
5
Let g = 15506 + -13778. Calculate the greatest common factor of 270 and g.
54
Let a(r) = 2*r**3 - 22*r**2 + 49*r + 59. Let y be a(4). Let z(o) = -51*o - 7. Let q be z(-5). What is the highest common divisor of y and q?
31
Suppose -3*q + 141 = 3*r, 0 = 3*q + r - 3*r - 131. Suppose 0 = 252*n - 248*n - 480. What is the highest common divisor of q and n?
15
Let a(w) = 7*w. Let s be (140/56)/(5/12). Let f be a(s). Suppose i - 20 = 4*c, 4*i - 2*c - 53 = 55. Calculate the highest common divisor of i and f.
14
Let x be ((-6)/(-4) - 1)*(-11 - -11). Let g = 20 + x. Suppose -285 = -4*b - 85. What is the highest common factor of b and g?
10
Let b = 54878 + -54430. Suppose -q + 11 = -17. Calculate the highest common divisor of q and b.
28
Let m = 9309 - 8150. Calculate the highest common divisor of 19 and m.
19
Suppose -4*l + 3*t + 60 = 0, 4*t = 5*l - 16 - 60. Let p be (-24)/(-8)*-4 + 108. What is the highest common divisor of l and p?
12
Let g(m) = 2*m + 16. Let k be g(-4). Let o be (-4)/((-4)/(-27))*k/(-12). Let y = -10 + 37. Calculate the highest common factor of y and o.
9
Let d = 65 + -82. Let u be 3/(-9) + (-208)/6. Let j = d - u. What is the greatest common factor of 162 and j?
18
Suppose 95*p - 98*p = -27. Suppose -u + 91 + 8 = 0. What is the highest common factor of p and u?
9
Let b be 46 - 56 - 120/(-4). What is the greatest common divisor of 620 and b?
20
Suppose 9*s - 28 = 17. Suppose 3*a + 774 = s*a. Calculate the greatest common divisor of 9 and a.
9
Let k be ((-66)/(-10))/11*30. Suppose 0 = j - 0*j - 4. Suppose -d - 4*x = -31, -x - j*x + 5 = 0. Calculate the greatest common factor of d and k.
9
Let t be 0 - 0 - (13 - 376). Suppose -6*l + 4*l = -4*m - 186, 0 = 4*l + m - t. Let r be (-2)/(-13 + 9 + 50/13). Calculate the greatest common factor of r and l.
13
Let z be (2/6)/(2/24). Suppose d - 2*g = 70, 11*d - 6*d - 365 = 5*g. What is the highest common factor of z and d?
4
Suppose 2*f - 4*a - a - 180 = -6*a, 0 = 4*a. What is the greatest common divisor of 20 and f?
10
Let g be (-2)/(-6)*594/9. Let t be (((-2)/5)/(-1))/(g/220). Let j be (-32)/(-1) + (-16)/t + 2. What is the greatest common divisor of j and 3?
3
Let g be -6 - -1217 - (7 + -2). What is the highest common divisor of g and 18?
18
Suppose -4*q = -10*g + 11*g - 3523, -5*q + 4*g = -4388. What is the greatest common divisor of q and 3212?
44
Suppose -5*b + 290*f = 286*f - 43, -3*b + 5*f + 44 = 0. Calculate the highest common divisor of 5376 and b.
3
Let c(f) = -f**2 + 9*f + 29. Let u be c(11). Suppose 4*d = 4*r + 20 + 216, -5*r - 3*d = 279. Let b = 85 + r. What is the greatest common divisor of u and b?
7
Let s(g) = 161*g + 3440. Let w be s(-20). Suppose 2 = 4*r - d - 34, 0 = -5*r + d + 46. What is the greatest common divisor of w and r?
10
Suppose -73*k + 4*x = -68*k - 1251, 4*x + 16 = 0. Calculate the highest common factor of k and 65.
13
Let z(q) = 3*q**2 + 20*q + 13. Let h be z(-8). Let j be (1 - -4)*3/(-5). Let i be (-14)/(-3) + (-1)/j. Calculate the greatest common divisor of i and h.
5
Suppose 4*s + 8 = 0, -2 = 2*y + 2*s + 2. Suppose -3*m = m + d - 39, y = -3*m - 2*d + 28. Calculate the greatest common factor of 65 and m.
5
Let c(x) = -8*x**2 - 13*x**2 - 2*x + 4*x**3 + 20*x**2. Let j be c(2). Let a be 224/392 - (-78)/(-21)*-16. Calculate the greatest common factor of a and j.
12
Suppose -f + 368 = g, 4*g + 405 = 5*f + 1832. Calculate the greatest common divisor of 891 and g.
33
Suppose -14*l = 2*m - 16*l - 26, m + 4*l + 2 = 0. Suppose 4*f + 2*i = 3434, -3*i - 7 = -m. What is the greatest common divisor of f and 44?
22
Suppose 0 = -18*a + 19*a - 344. Let s be (-6)/4*a/12. Let l = s + 58. What is the highest common factor of 75 and l?
15
Let w(y) = -y**3 - 7*y**2 - 7*y - 4. Let c be w(-6). Let f be ((-7000)/(-80) - (-6)/4) + -5. Calculate the greatest common factor of f and c.
2
Let l(z) = -z**2 + 20*z - 3. Let a = -282 - -291. Let g be l(a). Calculate the highest common divisor of g and 3.
3
Let r = 30 - 9. Let g = -7 + 15. Let k(f) = f**3 - 6*f**2 - 9*f - 14. Let l be k(g). What is the greatest common divisor of r and l?
21
Suppose 6*z = 8*z + 792. Let a be (-1 - 2)*z/54. Calculate the highest common divisor of a and 66.
22
Let z be 888 - (12 + (12 - 24)). What is the greatest common divisor of z and 1036?
148
Suppose -208 = 7*q - 11*q. Let v(x) = 20*x**2 + 2*x - 9. Let l be v(3). Let f = l + -173. What is the highest common factor of q and f?
4
Let q = -45542 + 73455. What is the greatest common factor of q and 271?
271
Let w be 55 + -40 + 3*254. What is the highest common divisor of 35 and w?
7
Let b be (-8)/20 + (-732)/(-5). Suppose -7*f = -b - 442. Let j be (-2024)/(-16) - (-2)/(-4). What is the highest common factor of j and f?
42
Let k = -18 - -21. Let s be (-9)/3 - (-234)/k. Suppose 4*r - 93 = s. What is the greatest common factor of r and 6?
6
Let w be (-1 + -1)*((-1440)/64 + 2). Calculate the greatest common factor of w and 9553.
41
Let s(n) = -114*n - 442. Let b be s(-4). Calculate the highest common factor of 12516 and b.
14
Let o(a) = a + 36. Let f be o(22). Suppose 140 = 5*n + 6*h - h, h - f = -2*n. Calculate the greatest common factor of n and 36.
6
Suppose -2*s - 5*q + 47 = -s, 4*s + 5*q = 128. Suppose s*o - 54 = 25*o. Let a be (0/2 - -1) + 8. Calculate the greatest common factor of a and o.
9
Suppose -2*a - 4*g - 22 = 0, 6*a = -0*a - 5*g - 17. Suppose -5*c = -14 - 51. Suppose -4*b + c + 23 = 0. Calculate the greatest common divisor of b and a.
3
Let a = -32678 - -47897. What is the greatest common factor of 19 and a?